*3 - 5*f**2 + 1. Let p be x(-5). Let l be (6 - 1) + 0/1. Let v(n) = -2*n + n**3 - n**2 - p + l*n - 4*n**2. What is v(4)?
-5
Let r(y) = y**3 - 5*y**2 + y - 1. Let k be r(5). Let l(f) = -4 - 2*f - 3*f + 3*f. Calculate l(k).
-12
Let f(o) be the third derivative of -o**5/30 - o**4/12 - o**3/6 + o**2. Give f(-1).
-1
Let n = 1 + -4. Let w = 4 + -4. Let a(f) = -2*f**3 - f - 2 + f**3 - 3*f**2 + w*f**3 + 0*f**2. Determine a(n).
1
Let j(m) = 7*m**2 + 5*m + 1. Let d(y) = y**2 + y. Let g(p) = -6*d(p) + j(p). Suppose -3*i + 12 = -2*o, -4*i + 6*o = o - 23. Suppose f + f - i = 0. Give g(f).
1
Let n(r) = -2*r**2 + 2*r - 1. Let u be n(2). Let y = 24 + -17. Let l(v) = -3 - v**2 - 2 + 0 - y*v - 1. Determine l(u).
4
Let l(p) = -p + 7*p - 16*p - 3. What is l(-3)?
27
Let v(p) = 2*p - 1. Let m(g) = 3*g - 1. Let o(h) = -3*m(h) + 4*v(h). Give o(-1).
0
Let j(i) = i**3 + i**2 - i - 1. Let t(k) = -4*k**3 - 8*k**2 + 9*k + 2. Let f(s) = 5*j(s) + t(s). Determine f(2).
1
Let k be (-30)/(-9) + 2/(-6). Let a(o) = 0 - k + o + 11. Let v = -6 - 0. Calculate a(v).
2
Let b(n) be the third derivative of n**5/60 - 7*n**4/24 - 5*n**3/3 - 31*n**2. Determine b(9).
8
Let x be (-1)/(0 - (2 + -3)). Let v(a) be the third derivative of -11/24*a**4 + 0*a + 5*a**2 - 1/6*a**3 + 0. Calculate v(x).
10
Let j = 3 - 5. Let q be (-1)/(-2) - 5/j. Let w(o) = o**3 - 4*o**2 + 2*o + 3. Give w(q).
0
Let w(q) be the first derivative of 1/2*q**2 + 0*q + 0*q**3 + 5 - 1/2*q**4. Calculate w(1).
-1
Let b(o) = 4*o - 4. Let h be b(11). Let f be (-3)/2*h/(-60). Let c(u) = -9*u**2 - u. Calculate c(f).
-10
Suppose 18*v = 13*v + 25. Let n(p) = 1 - 2*p**3 - 4*p**3 + 5*p**3 - 6*p + 6*p**2. Determine n(v).
-4
Let c(z) = -3*z**2 + 10*z - 7. Let s(t) = 2*t**2 + 9*t - 6 - 7*t**2 + 3*t**2. Let n(o) = 3*c(o) - 4*s(o). Give n(-5).
8
Let y be (-3 - -5) + 2 + (-10)/1. Let j(v) = v**2 + 6*v + 5. Determine j(y).
5
Suppose -j + 5 = 2. Let c = 1 - j. Let m(t) = -3*t - 2. Calculate m(c).
4
Suppose -2*q + 6 + 4 = 0. Let x(j) = j**2 - 4*j - 4. What is x(q)?
1
Let m(g) = 6*g**2 + 1. Suppose -3*h + 8 = -1. Suppose 0 = v + 2*v - h. Give m(v).
7
Let b(l) be the third derivative of l**6/120 + l**5/60 - l**4/24 - l**3/3 + 7*l**2. Give b(2).
8
Let v(y) = -y**3 - 5*y**2 + 3*y - 8. Suppose -g + 31 = 37. Determine v(g).
10
Let x(b) = b**3 + 6*b**2 - 4. Let q be (3 - 1)/((-7)/((-140)/(-8))). Calculate x(q).
21
Let y(n) be the third derivative of 0*n + 0 + 1/24*n**4 + 11*n**2 - 1/6*n**3. Suppose -6*w + 5 = -w. Give y(w).
0
Let u(x) be the third derivative of x**6/120 - x**5/15 - x**4/12 + 5*x**3/6 - 13*x**2. Suppose 2*m - 11 + 3 = 0. Calculate u(m).
-3
Let u(c) be the third derivative of 0*c + c**2 + 1/24*c**4 + 0 + 0*c**3. Let k = -4 - -5. Calculate u(k).
1
Let k(s) be the first derivative of s**2/2 + 9. Give k(5).
5
Let j(c) = -c - 4. Suppose 4*g - 20 = 0, -g = 5*v + 2*g + 60. Let x be (-5)/(v/(-6))*-2. What is j(x)?
-8
Let d = -11 - -12. Let y(r) = d + r + r + 1. Give y(-6).
-10
Let p(j) = 3*j**3 - 9*j**2 + 13*j - 9. Let h(c) = c**3 - 5*c**2 + 7*c - 4. Let q(b) = 5*h(b) - 2*p(b). Give q(-8).
-10
Suppose -4*b = 2 - 22. Let g(f) = -f**3 + 5*f**2 - 3. What is g(b)?
-3
Suppose 16 = -3*n + 4. Let z be n/10 - 17/(-5). Suppose -s - 28 = 4*p - 6*s, p = -z*s + 10. Let b(c) = 7*c + 3. Give b(p).
-11
Let h(j) = -1. Let q(b) = -5*b. Let w(u) = 3*h(u) + q(u). Let t be (-15)/6 + 1/2. Give w(t).
7
Let i(t) = 2*t + 3. Let v = 66 + -61. Determine i(v).
13
Let x be 2/(-3) - 11/33. Let d be (-1)/x + (-2 - -5). Let q(o) = 3*o - 2. Give q(d).
10
Let z(y) be the first derivative of y**3/3 + 4*y**2 - 7*y + 19. Calculate z(-6).
-19
Let n(k) = -k**2 + 4*k - 5. Let m(p) = p**3 - 6*p**2 + p - 2. Let c = -7 - -13. Let b be m(c). Determine n(b).
-5
Suppose b = -b + 2. Let c be 3 - b - 0 - 0. Let o(t) = t**2 - t. Calculate o(c).
2
Let x = 8 + -3. Let l(j) be the first derivative of j**2/2 - j - 9. Determine l(x).
4
Let j(r) = -r**3 + 3*r**2 - 3*r + 3. Let s = -8 + 10. Determine j(s).
1
Let h(s) = -3*s**3 - 3*s**3 - 1 + 5*s**3 + s**2. What is h(0)?
-1
Let d(j) be the first derivative of -j**4/4 + 2*j**3/3 + j**2 + 2*j - 4. What is d(3)?
-1
Let t(z) = z**2 - 2*z + 2. Suppose 3*b - 2 = b. Let f = b + 2. What is t(f)?
5
Suppose 10 = 3*x + 4. Let w(s) = 2*s**3 - 3*s**2 + s. Determine w(x).
6
Let i(s) = 3*s - 2. Let q be (-42)/35*(-10)/(-4). Determine i(q).
-11
Let k be (-2)/(-2) - -1*3. Suppose -k*g = -5 - 11. Let d be ((-6)/(-15))/(g/10). Let n(a) = -8*a**3 - a. What is n(d)?
-9
Let c(i) be the first derivative of 2*i**3/3 + i + 2. Let p = 60 + -61. Determine c(p).
3
Let y(p) = p + 2. Let d be y(-5). Let x be -1 - (-2)/(-2)*-3. Let k(v) = v + 0*v**2 - v**3 - 5*v**2 + 2*v**x. What is k(d)?
-3
Let f(p) = 2*p - 8. Let n(o) = -o + 8. Let q(w) = 2*f(w) + 3*n(w). Give q(-8).
0
Suppose 11 = h - 2*f, 4 = 4*h + 5*f + 12. Suppose j + h*j = -8. Let g(b) = -2*b**2 - b + 1. Calculate g(j).
-5
Let g(a) = -14 - a**2 + 4 - 2*a + 4 + 5. Give g(-1).
0
Suppose -2*q + 8 = 2. Let r(m) be the second derivative of m**4/12 + m**3/6 + m**2/2 + 50*m. What is r(q)?
13
Let p(g) = -3*g - 3. Let h(x) = 3*x**2 + 2*x - 2. Let j be ((-9)/6)/(3/4). Let l be h(j). Let m be (-10)/l - (-2)/(-6). Give p(m).
3
Suppose -2*n + 3 + 3 = 0. Suppose -11 = -3*j + 4*k, 2*j + 2*k + 3 = n*j. Let y(a) = 3*a - 2. Let p(b) = -b - 1. Let g(r) = -2*p(r) - y(r). Calculate g(j).
-1
Let w(k) = -2*k**2 - 5*k - 3. Suppose i + 3 = 5*s - 2*s, 4*s = 3*i - 1. Suppose -s*c = -4*p - 4, 2*p + p - 7 = -c. Let b be c/(-6)*(-63)/(-14). Give w(b).
-6
Let b(p) be the first derivative of 2*p + 1/6*p**3 - 1 + 4*p**2. Let r(u) be the first derivative of b(u). What is r(0)?
8
Let y(i) be the third derivative of -7*i**6/40 + i**5/60 + i**4/12 + i**3/6 - 3*i**2. Determine y(-1).
21
Let d(c) = -c**2 - 5*c. Let i(y) = -y**3 - 11*y**2 + 2*y + 16. Let v be i(-11). Let k = -4 - -6. Let o = v + k. Give d(o).
4
Let o(l) = -l. Let z(q) = -q**2 - 10*q - 6. Let a(p) = -5*o(p) + z(p). What is a(-4)?
-2
Suppose 4 = -10*t + 6*t + f, 0 = -2*t + 2*f - 2. Let n(o) be the third derivative of -o**6/30 + o**4/12 + o**3/6 + o**2. Give n(t).
3
Suppose -13*u = -9 - 30. Let n(h) be the second derivative of -h**4/8 + h**3/6 - h**2/2 - h. Let j(k) be the first derivative of n(k). What is j(u)?
-8
Let w be -1 - (-1 + 1 + 1). Let x(q) be the first derivative of -2*q**3/3 - 3*q**2/2 - 3*q + 11. Give x(w).
-5
Let x(y) be the second derivative of y + 1/4*y**4 + 1/2*y**3 + 0 - 1/20*y**5 + 0*y**2. Suppose -u - 2*o - 5 = o, -4*o = 2*u + 4. Determine x(u).
-4
Let r(m) = -m**3 - m**2 - 2*m - 1. Let y(x) = -x**3 + 5*x**2 - x + 2. Let t be y(4). Suppose -t = 5*z + 4*a, -z - z - 3*a = 7. What is r(z)?
7
Suppose 3*x - 5*x = -24. Let g = x + -15. Let o(n) = -4 - 3*n + 0 - n. Give o(g).
8
Let u(b) = -3*b - 3. Let w be u(-2). Let f(g) = 5*g**3 - 6*g**2 + 2*g. Let h(i) = -6*i**3 + 7*i**2 - 3*i. Let v(d) = 5*f(d) + 4*h(d). Give v(w).
3
Let u(f) be the second derivative of f**3/6 + 2*f. Let i be u(-2). Let l(a) = a**3 + 3*a**2 + 2*a - 1. What is l(i)?
-1
Suppose -3*f - 2*f = -15. Let u(g) = -g**3 + 4*g**2 - 2*g. What is u(f)?
3
Let r(d) be the third derivative of -d**5/60 + 5*d**4/24 + 5*d**3/6 + d**2. Let y be -4 - (44/55)/((-2)/25). What is r(y)?
-1
Let l(j) = j - 7. Let w = 62 - 57. Calculate l(w).
-2
Let f(z) = 2*z**3 + z**2 + z - 1. Let k(m) = m**2 - 9*m + 3. Let l be k(9). Let s = 2 + l. Suppose -s*u - 6 - 13 = a, -3*a = -2*u - 11. Calculate f(a).
3
Let q be 1 - -6 - (-4 - -6). Suppose 3*u - c - 3*c - 88 = 0, 0 = -q*u + 4*c + 136. Let n be (-2)/(-8) + 114/u. Let r(s) = -s + 7. Calculate r(n).
2
Suppose -2*c + 7 = n, 0*c + 11 = 2*c + 5*n. Let i(g) be the second derivative of -2*g + 0 + 1/2*g**c - 2*g**2. Calculate i(4).
8
Let f(t) = 8*t + 2. Suppose -3*b = 14 + 1, 4*i + 4*b = -4. Suppose -3*o + 5*r = -19, 0 = 2*o + i*r - 8*r - 16. Determine f(o).
-14
Let n(g) = 3*g**2 - 7*g + 8. Let w(x) = x**2. Let p(m) = -n(m) + 2*w(m). Determine p(6).
-2
Let f(z) = z - 2. Suppose 0 = -2*b - 5*k - 25, -b + 5*k = -5 - 5. Determine f(b).
-7
Suppose -2*j - 7 = 5. Let y(n) be the third derivative of -n**5/60 - 7*n**4/24 - 5*n**3/6 + 26*n**2. Give y(j).
1
Let b(a) = -a**2 + 7. Suppose 3*m + m = 0. Let l = 0 + m. Suppose l = -4*h + 5*h. What is b(h)?
7
Let t = 19 + -15. Let m(p) = -5*p**3 + 6*p**2 + 5*p - 5.